- 10. What is the greatest common divisor of 39 and s?
13
Suppose -3*a + 8*a - 2*q - 14 = 0, -5*q = 5*a - 35. Suppose -3*r = -3 - 0. Let p be (-33)/(-9) + r/3. Calculate the greatest common factor of a and p.
4
Let x(y) = 5*y + 1. Let q be x(1). Suppose 3 - 7 = 2*c, -c = -4*f + 6. Let j be (-2 + 0)*(-14 - f). What is the greatest common factor of j and q?
6
Let g(n) = 7*n + 25. Let z be g(13). Calculate the highest common factor of z and 29.
29
Suppose -g + 121 = 4*j, -3*j + j = g - 121. Let t be (-3)/3 + 27 + 1. Let r = 38 - t. Calculate the greatest common factor of g and r.
11
Let r be 6 + -3 + 2/2. Suppose r*g = -g + 375. Calculate the highest common factor of g and 15.
15
Let k(i) = -i**2 - 2*i. Let q be k(-2). Let g = 2 + q. Let r be (-385)/g*(-28)/35. Calculate the greatest common divisor of r and 14.
14
Let z(r) = 3*r - 8. Let y be z(7). Suppose -12 = -5*k + y. Suppose 415 = k*c - 575. Calculate the highest common divisor of c and 18.
18
Let v(k) = 4*k**3 - k**2 + k. Let m = -4 + 5. Let w be v(m). Let t(g) = g**3 - 4*g**2 + g - 1. Let l be t(w). Calculate the greatest common factor of 6 and l.
3
Suppose 0 = 4*m + 57 - 237. Calculate the greatest common divisor of m and 9.
9
Let h(z) = 9*z + 66. Let m be h(6). What is the highest common factor of 48 and m?
24
Let i(c) = -c + 6. Let k be i(6). Suppose 4*z = -4*t + 64 - k, t = 4*z - 4. Let o be (-2)/6*-9*4. What is the greatest common factor of o and t?
12
Let q = 178 + -80. Suppose 2*b - 6 = 0, 5*g - 4*b - 15 = 43. Calculate the highest common divisor of g and q.
14
Suppose -3*c - 5*i = -41, -3*c + 2*i = -2*i - 32. Let l be 1 - 120/(2 - 4). Let m = l - 43. Calculate the greatest common divisor of c and m.
6
Let k = -19 - 7. Let h = 0 + -15. Let i = h - k. Calculate the highest common factor of 99 and i.
11
Suppose 83 - 13 = 5*r. Let a(g) = g**3 + 2*g + 2. Let t be a(3). What is the greatest common divisor of t and r?
7
Suppose -94 + 31 = -3*c. Calculate the highest common divisor of c and 3.
3
Let f be (-3)/(-4) + 26/8. Suppose -3*p - 5*r + 105 = -0*p, 5*p - f*r = 138. Calculate the highest common factor of p and 75.
15
Let s be (-6)/((9/4)/(-3)). Suppose -2*l = -17 - 21. Let a = -11 + l. What is the highest common divisor of a and s?
8
Let x be (-4)/12 - (-4)/3. Suppose d = 2*d - x. Calculate the highest common factor of 5 and d.
1
Let g(r) = 6*r**2 + 1. Let d be g(-1). Calculate the highest common factor of 35 and d.
7
Let t = -8 - -11. Let f = 19 - t. What is the highest common divisor of 24 and f?
8
Suppose 2*l = -l + 9. Suppose -c + 2*g + 2 = 0, 4*c - l*c = 4*g - 6. Calculate the highest common divisor of c and 4.
2
Let a be (-144)/6*-1 + 1. Calculate the greatest common divisor of 5 and a.
5
Let o(i) = 548*i**2 - 1. Let t be o(-1). Let u = 875 - t. Let l = -208 + u. What is the highest common factor of l and 24?
24
Let i = 32 + 66. What is the highest common factor of i and 14?
14
Let l = -8 - -26. Let h be 0/((-4)/((-4)/2)). Suppose -x - 4*x = 3*u - 47, 3*u - 5*x - 7 = h. Calculate the greatest common divisor of u and l.
9
Let d = 83 + -58. Calculate the greatest common factor of 10 and d.
5
Let s(z) = -z**3 + 16*z**2 - 13*z - 19. Let a be s(15). What is the highest common divisor of 88 and a?
11
Suppose 0 = -3*v - 79 + 16. Let o be v/(-2)*(-4)/(-3). Let i = 0 + o. What is the greatest common factor of 126 and i?
14
Let j be 1 - (4 - (1 - -12)). Calculate the highest common factor of 40 and j.
10
Let d = 17 - 11. Suppose 5*u - 785 = -5*i, 0*u = 2*u - d. Calculate the highest common factor of 14 and i.
14
Let q(c) = -1 + 3*c - 6*c + 0*c**2 + 0*c**2 - c**2. Let a be q(-1). Let l be 2 + -1 + 3 + -3. What is the greatest common divisor of a and l?
1
Let s = -10 + 10. Suppose -z + 6 + 5 = s. Suppose -n + b - 4 = 0, 5*n - 5*b = 4*n - 24. Calculate the highest common factor of z and n.
1
Suppose -3*k + 2*j + 5 = -0*j, -3*k - 3*j + 15 = 0. Calculate the greatest common divisor of k and 9.
3
Let r be -1*(-15 + (-3 - -3)). Let u = -7 + r. What is the highest common factor of u and 24?
8
Let h(n) = -3*n - 10. Let t be h(-6). What is the highest common divisor of 1 and t?
1
Suppose 5*b = 25, -4*b = 3*u - 32 - 21. Suppose 0 = -m + 4*m + 1815. Let y be (-2 + 1)*m/5. What is the greatest common divisor of y and u?
11
Let k(s) be the first derivative of s**3 - 5*s**2/2 - s + 1. Let a be 2*5*(-15)/30. Let q be k(a). Calculate the greatest common divisor of q and 11.
11
Suppose 10 = l + 3. Let w = 17 + 4. Calculate the greatest common divisor of l and w.
7
Let n(h) = h**2 - 8*h - 1. Suppose 0 = 2*u - 17 - 5. Let x be n(u). What is the highest common factor of 8 and x?
8
Let l = -9 - -18. Suppose 4*c - 212 = h, -2*c - 2*h + 26 = -90. What is the greatest common factor of l and c?
9
Let c be 86/1 + (-7 - -9). Let d(k) = k**2 - 12*k - 20. Let o be d(14). Calculate the greatest common factor of o and c.
8
Let j(v) = 3*v - 4. Let g be j(5). Calculate the highest common divisor of 1 and g.
1
Let y = -2 - -10. What is the highest common divisor of y and 184?
8
Let d(z) be the first derivative of z**3/3 - 17*z - 5. Let q be d(-7). Calculate the greatest common factor of q and 4.
4
Suppose -c - 35 = -2*z + 11, -2*z + 2*c = -44. Calculate the greatest common divisor of 16 and z.
8
Let r be 7 + (-1 - -3)/(-2). Suppose 2*k - 18 - r = 0. What is the greatest common divisor of 18 and k?
6
Suppose -3*z = -0*z + 2*v - 129, -5*z = 4*v - 213. Let q(f) = -f**2 + 4*f + 1. Let k be q(4). Let g = 6 - k. Calculate the highest common divisor of g and z.
5
Let b be (-1 + 0)/(-5 + 4). Calculate the highest common divisor of 9 and b.
1
Let t be ((-2)/4)/(1/(-4)). Suppose 0*c - 14 = -t*c. Suppose -q = -0*u - 5*u - 53, -4*q - 2*u = -256. Calculate the highest common factor of q and c.
7
Let d be 0/3 + 560/(4 - 2). Calculate the greatest common factor of d and 35.
35
Let s be 90/15*28/6. What is the greatest common divisor of 42 and s?
14
Suppose -3*u + 2*f + 384 = 0, -4*u + 279 = -5*f - 226. Let b = u - -2. Let d be (11 - -2) + 2/(-2). Calculate the greatest common factor of b and d.
12
Suppose 30 - 3 = 3*l. Let z = 19 - 15. Suppose 0 = 4*j - z - 8. Calculate the highest common factor of j and l.
3
Let w(p) = -p**3 - 7*p**2 - 2*p + 1 - 7 + 1. Let o be w(-7). Suppose -2*s = -25 + 7. What is the greatest common divisor of s and o?
9
Suppose x + 52 = 2*d + 3*x, 4*d - 3*x = 76. Suppose 2*g + 140 = 4*m, -65 = -3*m - 5*g + 66. Let p = 205 + m. What is the greatest common divisor of d and p?
22
Let a be 1/2 - (-120)/16. Let h = a + -3. Calculate the greatest common divisor of h and 5.
5
Let g be 3/(-3) + (2 - 0). Suppose 0 = v + 3*h - 21, 2*v = v + h + g. Calculate the greatest common factor of 4 and v.
2
Let g = -18 + 21. Suppose -o - o = -54. What is the highest common factor of g and o?
3
Let y(l) = -l**2 - 7*l - 4. Let f be y(-6). Let q be (0 + 0)/((-4)/f). Let z be (9 - -2)*(9 - q). Calculate the highest common divisor of z and 9.
9
Suppose 20 = -4*n + 132. What is the greatest common divisor of n and 28?
28
Suppose 0*b - 2*b = 2, -2*u + 15 = 5*b. Suppose -8*s + u*s = 32. Let x(c) = c**3 + 10*c**2. Let w be x(-8). Calculate the highest common divisor of s and w.
16
Let u(c) = -c**3 - 20*c**2 + 40*c - 6. Let w be u(-22). What is the highest common factor of 41 and w?
41
Let r be ((-4)/(-5))/(-9 - (-3246)/360). Suppose 5*c - 46 = 14. Calculate the greatest common divisor of c and r.
12
Let j be (-1696)/(-11) + (-6)/33. Calculate the highest common divisor of 14 and j.
14
Suppose 0 = -2*x + 8 + 10. Let y = 3 - 0. Let d be (1/y)/(1/9). Calculate the highest common divisor of d and x.
3
Let x be (16/(-5))/((-8)/40). Calculate the highest common factor of x and 2.
2
Suppose 27 = 5*f - 18. Suppose 50 = 5*d - 5*b, 3 + f = d + b. Suppose 3*q = 388 - 25. Calculate the greatest common factor of q and d.
11
Suppose 14*p - 152 + 54 = 0. What is the highest common factor of 63 and p?
7
Let s = 5 + -1. Let g(p) = p**2 + 1. Let w be g(-1). Suppose -5*t + 3*u = w*u - 11, -5 = -2*t + u. What is the highest common factor of t and s?
2
Let g(t) = 12*t + 4. Let c be g(3). Suppose 3*v + c = 8*v. What is the highest common divisor of 56 and v?
8
Let w be (2/(-3))/((-1)/63). Suppose 3*v + 0*r - w = r, -5*v + 3*r = -74. Suppose 0*d - 91 = -d. What 